- -5. Let p be d/(-10) + (-118)/(-10). Suppose 5*i - 192 = i. What is the highest common divisor of p and i?
12
Suppose -5 = -3*m + 2*s + 14, -2*m + 10 = -2*s. Let g = 9 + -13. Let j be (-2 + 14)/g - -48. Calculate the greatest common divisor of j and m.
9
Let o = 28 + -40. Let k(l) = l**3 + 11*l**2 - 12*l + 12. Let m be k(o). What is the highest common divisor of 3 and m?
3
Let n(a) = -2*a**2 + 3*a + 3*a + a**3 - 5*a. Let f be n(2). Suppose f*w - 52 = -5*c + c, 0 = 2*c + 4*w - 32. What is the highest common divisor of 24 and c?
12
Suppose -171 - 4 = -7*i. Let q = 124 - 74. Calculate the highest common factor of q and i.
25
Suppose -12 = 17*k - 18*k. What is the greatest common factor of k and 12?
12
Suppose -2*j + k - 9 = -3*j, 3*j + 5*k = 31. Calculate the highest common divisor of 35 and j.
7
Let m(c) = c**3 - c**2 + 3*c - 2. Let u be m(1). Calculate the highest common factor of 9 and u.
1
Let r be (2*-15)/(6/(-4)). Suppose -4*f = -f - 150. Calculate the highest common divisor of r and f.
10
Suppose 2*s - 3*w - 42 = 0, -35 + 14 = -s + 2*w. Calculate the highest common divisor of s and 3.
3
Suppose 5*b - 4 - 21 = 0. What is the highest common divisor of 20 and b?
5
Suppose -a = -0*a - 5. Suppose 0 = a*u - 23 + 8. Suppose 4*j = -u*w + 384, -4*w + 537 = 3*j - 6*j. What is the greatest common factor of 12 and w?
12
Suppose 3*q = 2*q + 3, -2*h + 5*q = 15. Let c be ((-5)/3)/(2/(-6)). Let y = h + c. What is the highest common factor of y and 5?
5
Let j(a) = -29*a. Let w be j(-1). Suppose g = -3*l + 5, 0*g + 6 = -2*l - 3*g. Suppose -l = -2*x + w. Calculate the greatest common factor of x and 8.
8
Let f be (4 - -32)*(-4)/(-6). Suppose 3*o = 27 + f. What is the highest common factor of o and 17?
17
Suppose 2*h - 5*h + n = -15, -h - 3*n + 5 = 0. Suppose -22 = h*o - 2, -4*y + 76 = -o. Let g be 51/2*24/y. Calculate the highest common factor of g and 51.
17
Let x(n) = -5*n - 13. Let l be x(-18). What is the highest common factor of 11 and l?
11
Let b = 9 + 3. What is the greatest common divisor of 12 and b?
12
Suppose 69 = 2*w + 5*d - 167, -440 = -4*w - 2*d. Suppose -2*v + 24 = -0*v. What is the greatest common factor of w and v?
12
Let n = -77 - -117. Let p(s) = s**2 + 10*s - 4. Let i be p(-12). Calculate the highest common divisor of n and i.
20
Suppose 19 = y - 4*g, -8*y + 133 = -3*y - g. Calculate the greatest common divisor of y and 45.
9
Let v be (-8)/44 - 378/(-22). What is the greatest common divisor of v and 51?
17
Let a = 3 - -1. Suppose 0 = -a*x + 4 - 0. Let l be -2*x/((-2)/18). Calculate the highest common divisor of l and 72.
18
Suppose -1226 + 416 = -3*d. Calculate the greatest common factor of d and 30.
30
Let b be 9 + (6/1)/2. Suppose 5*h = 7*h - b. Let l = -8 - -26. What is the greatest common factor of h and l?
6
Let x be -1 + -3 - 60/(-5). Calculate the greatest common factor of 32 and x.
8
Let n = -16 + 25. Calculate the highest common factor of 72 and n.
9
Let z be 1/(-2) - 38/(-4). Let c = 20 + 16. Calculate the greatest common divisor of c and z.
9
Let b(x) = -x + 30. Let v be (-2)/7 - 6/(-21). Let s be v/((-2)/3*-3). Let d be b(s). Calculate the greatest common factor of 15 and d.
15
Let k = 23 - 2. What is the greatest common factor of k and 42?
21
Let b(u) = u**2 + 10*u + 8. Let f be b(-9). Let v = 3 - f. Calculate the highest common divisor of v and 16.
4
Suppose 3*m = d + 38, -d = d - 2*m + 72. Let p = 65 + d. Calculate the greatest common factor of 45 and p.
15
Let y(w) = -w**2 + 6. Let q be y(0). Let n be 4*q/(-4) - -2. Let h be 10/n*(4 + -10). Calculate the highest common divisor of h and 60.
15
Suppose 3*c - 2*c + 2*z + 29 = 0, -5*z - 20 = 0. Suppose 5*s = 112 - 757. Let y = c - s. What is the greatest common divisor of 12 and y?
12
Let s = 41 + 23. What is the greatest common factor of 8 and s?
8
Let t be (-48)/(-9)*3/2. What is the greatest common factor of 2 and t?
2
Let z(u) = u**3 + 7*u**2 - 8*u + 4. Let f be z(-8). Suppose -5*k + s + 442 = 2*s, 3*k = -f*s + 272. What is the highest common divisor of 8 and k?
8
Suppose 3*r + 3 = -l, 2*l + 15 = 3*r - 0*r. Suppose -3*o + y + 5 = 25, 5*o = -4*y - 5. Let t be 1 + l/3 - o. What is the highest common divisor of t and 32?
4
Suppose -5*k - 14 + 214 = 0. Suppose 4*n = 184 + k. Calculate the greatest common divisor of 7 and n.
7
Let w be 39 + 2/(-2)*0. Let g be (0/3)/(-3) + w. Suppose l + l = 52. What is the highest common factor of g and l?
13
Suppose 0 = -4*m + 4 + 4. Suppose 110 = -m*i + 4*i. Let u be (-2)/(-3) - 192/(-9). Calculate the greatest common divisor of i and u.
11
Suppose 2*v + q - 2 = 3*q, 3*q - 4 = -4*v. What is the highest common factor of v and 7?
1
Let q(j) = -j**3 + 2*j**2 + 2*j - 4. Suppose 0 = -4*s - 0*s + 20, -i + 17 = 4*s. Let o be q(i). Calculate the highest common factor of 7 and o.
7
Suppose -44 = -5*q - 3*i, 0*i + 60 = 5*q - 5*i. Suppose b = 6*a - 9*a + 110, 4*b - 440 = 4*a. What is the highest common factor of b and q?
10
Suppose 3*y = 8*y - 115. Let g = 9 + y. What is the greatest common factor of 8 and g?
8
Let t = -11 + 16. Suppose 6*h + t*o - 15 = h, h - o - 13 = 0. What is the greatest common divisor of h and 88?
8
Suppose -4*l = -4*r - 196, -66 + 13 = -l - r. Calculate the greatest common divisor of l and 17.
17
Let l = 41 - 28. What is the greatest common divisor of 13 and l?
13
Suppose -w = -3*f + 35, 7*w + 32 = 3*f + 3*w. Let d = 47 - 23. Calculate the highest common divisor of f and d.
12
Suppose c - 5*c - d = -15, -2*c + d + 15 = 0. What is the greatest common divisor of c and 5?
5
Suppose 42 = 3*x - 0*x + t, 2*t - 6 = 0. Calculate the highest common divisor of 143 and x.
13
Let w = -8 - -13. Suppose -y = -0 - 2. Suppose w*m = y*j + 40, -2*m + 4*m - j - 17 = 0. Calculate the highest common factor of m and 18.
6
Suppose -2*h + 5*k + 109 = 0, -3*k = -2*h - k + 106. What is the greatest common factor of 416 and h?
52
Let p(m) = m**2 + 2. Let s be 16/(-6) - 2/6. Let n be p(s). Calculate the greatest common factor of 44 and n.
11
Let c(p) = 5*p. Let t be c(12). Calculate the greatest common factor of t and 6.
6
Let u = 34 + -8. Suppose c + 3 - u = 5*s, 2*s + 82 = 3*c. Calculate the greatest common divisor of 7 and c.
7
Let b be ((-24)/5)/((-6)/20). Let j be 68/b - 1/4. What is the greatest common factor of 36 and j?
4
Let w(j) = j**3 + 6*j**2 + 6*j + 6. Let a(h) = h**2 - 7*h + 6. Let b be a(5). Let g be w(b). Calculate the greatest common divisor of 154 and g.
14
Let h be (8/(-6))/(1/3). Let n(o) = -1. Let v(s) = s + 7. Let x(j) = -5*n(j) - v(j). Let z be x(h). What is the highest common factor of 2 and z?
2
Let c(r) = 2*r**2 - 2*r - 2. Let t be c(8). Calculate the greatest common divisor of t and 44.
22
Suppose -420 = -4*v + 4*f, -6*f + f - 93 = -v. What is the highest common factor of 12 and v?
12
Let t(p) = 2*p**2 - 4*p + 2. Let y be t(3). Let k = 1 - -52. Let n = 35 + k. Calculate the highest common factor of n and y.
8
Let g(a) = -a**3 - 7*a**2 + 9*a + 3. Let k be g(-8). Let b be 379/3 + k/15. Suppose -2*w + 4*w - b = 0. What is the greatest common factor of 7 and w?
7
Let i(j) = 11*j**3 - 3*j + 2. Let b be i(-3). Let v = -133 - b. What is the greatest common divisor of v and 17?
17
Suppose 0 = -2*c + c + 75. Calculate the highest common factor of 15 and c.
15
Let m(o) = -o**3 - 8*o**2 + 11*o - 10. Let s be m(-10). Calculate the highest common divisor of 32 and s.
16
Let u(r) = r + 2 + 0 - 4*r**2 - 3*r + 5*r**2. Let o be u(4). What is the greatest common factor of 90 and o?
10
Let p be (-8)/(-6)*12/1. Calculate the highest common factor of p and 128.
16
Let q be 22/4 + 1/2. Let x be -5*(-10)/(-4)*2. Let z = -7 - x. Calculate the greatest common divisor of z and q.
6
Suppose 2*t - 174 = -0*t. Let f = t - -48. What is the highest common factor of 54 and f?
27
Let g(b) be the second derivative of 0 + 2*b**2 - 2*b + 1/6*b**3. Let y be g(0). What is the highest common divisor of 10 and y?
2
Suppose 5*i - 36 - 44 = 0. Suppose -2*r - 4 = -3*v - i, 4*v - 6 = -r. Let j = 9 - r. What is the greatest common factor of 24 and j?
3
Suppose 0 = -3*t - 2*t + 75. Let l be (t/10)/((-6)/(-52)). Calculate the highest common factor of l and 65.
13
Let w(v) = 2*v + 21. Let p be w(-5). What is the highest common divisor of 77 and p?
11
Let c = -40 - -64. W